{"id":423,"date":"2020-09-05T17:14:12","date_gmt":"2020-09-05T23:14:12","guid":{"rendered":"https:\/\/ahflatamycaribe.org\/?post_type=recurso&#038;p=423"},"modified":"2023-09-05T17:46:26","modified_gmt":"2023-09-05T23:46:26","slug":"cero-discriminacion-relacionada-con-el-vih-contra-las-mujeres-y-las-ninas","status":"publish","type":"recurso","link":"https:\/\/ahflatamycaribe.org\/en\/recurso\/cero-discriminacion-relacionada-con-el-vih-contra-las-mujeres-y-las-ninas\/","title":{"rendered":"Cero discriminaci\u00f3n relacionada con el VIH contra las mujeres y las ni\u00f1as"},"content":{"rendered":"\n<p>Son fundamentales el liderazgo y el compromiso de las mujeres en todos los niveles de la respuesta al sida. Muchos pa\u00edses van implicando cada vez m\u00e1s a las mujeres y las chicas j\u00f3venes en el desarrollo de pol\u00edticas, directrices y estrategias para el VIH. Sin embargo, no est\u00e1 claro en qu\u00e9 medida se tienen en cuenta sus puntos de vista durante la toma de decisiones. <\/p>\n\n\n\n<div class=\"wp-block-buttons has-custom-font-size has-medium-font-size is-content-justification-left is-layout-flex wp-container-core-buttons-is-layout-fc4fd283 wp-block-buttons-is-layout-flex\">\n<div class=\"wp-block-button\"><a class=\"wp-block-button__link wp-element-button\" href=\"http:\/\/onusidalac.org\/1\/images\/2020_ZeroDiscrimination_spotlight_es.pdf\" style=\"border-radius:0px\" target=\"_blank\" rel=\"noreferrer noopener\">Descargar<\/a><\/div>\n<\/div>\n","protected":false},"excerpt":{"rendered":"<p>Son fundamentales el liderazgo y el compromiso de las mujeres en todos los niveles de la respuesta al sida. Muchos pa\u00edses van implicando cada vez m\u00e1s a las mujeres y las chicas j\u00f3venes en el desarrollo de pol\u00edticas, directrices y estrategias para el VIH. Sin embargo, no est\u00e1 claro en qu\u00e9 medida se tienen en cuenta sus puntos de vista durante la toma de decisiones. <\/p>\n","protected":false},"featured_media":424,"template":"","tags":[26,27,25],"class_list":["post-423","recurso","type-recurso","status-publish","has-post-thumbnail","hentry","tag-26","tag-discriminacion","tag-vih"],"aioseo_notices":[],"_links":{"self":[{"href":"https:\/\/ahflatamycaribe.org\/en\/wp-json\/wp\/v2\/recurso\/423","targetHints":{"allow":["GET"]}}],"collection":[{"href":"https:\/\/ahflatamycaribe.org\/en\/wp-json\/wp\/v2\/recurso"}],"about":[{"href":"https:\/\/ahflatamycaribe.org\/en\/wp-json\/wp\/v2\/types\/recurso"}],"wp:featuredmedia":[{"embeddable":true,"href":"https:\/\/ahflatamycaribe.org\/en\/wp-json\/wp\/v2\/media\/424"}],"wp:attachment":[{"href":"https:\/\/ahflatamycaribe.org\/en\/wp-json\/wp\/v2\/media?parent=423"}],"wp:term":[{"taxonomy":"post_tag","embeddable":true,"href":"https:\/\/ahflatamycaribe.org\/en\/wp-json\/wp\/v2\/tags?post=423"}],"curies":[{"name":"wp","href":"https:\/\/api.w.org\/{rel}","templated":true}]}}

Cero discriminación relacionada con el VIH contra las mujeres y las niñas

<p>Son fundamentales el liderazgo y el compromiso de las mujeres en todos los niveles de la respuesta al sida. Muchos países van implicando cada vez más a las mujeres y las chicas jóvenes en el desarrollo de políticas, directrices y estrategias para el VIH. Sin embargo, no está claro en qué medida se tienen en cuenta sus puntos de vista durante la toma de decisiones. </p>



<div class="wp-block-buttons has-custom-font-size has-medium-font-size is-content-justification-left is-layout-flex wp-container-core-buttons-is-layout-fc4fd283 wp-block-buttons-is-layout-flex">
<div class="wp-block-button"><a class="wp-block-button__link wp-element-button" href="http://onusidalac.org/1/images/2020_ZeroDiscrimination_spotlight_es.pdf" style="border-radius:0px" target="_blank" rel="noreferrer noopener">Descargar</a></div>
</div>

<p>Son fundamentales el liderazgo y el compromiso de las mujeres en todos los niveles de la respuesta al sida. Muchos países van implicando cada vez más a las mujeres y las chicas jóvenes en el desarrollo de políticas, directrices y estrategias para el VIH. Sin embargo, no está claro en qué medida se tienen en cuenta sus puntos de vista durante la toma de decisiones. </p>
